{"id":194,"date":"2015-04-01T10:46:57","date_gmt":"2015-04-01T08:46:57","guid":{"rendered":"http:\/\/temp.wentz.mc\/?page_id=194"},"modified":"2018-07-06T11:24:53","modified_gmt":"2018-07-06T09:24:53","slug":"nos-activites","status":"publish","type":"page","link":"http:\/\/www.wentz.mc\/?page_id=194","title":{"rendered":"Nos Activit\u00e9s"},"content":{"rendered":"<p>&nbsp;<\/p>\n<h2 style=\"padding-left: 30px;\"><a href=\"http:\/\/www.wentz.mc\/nos-activites\/gestion\">ADMINISTRATION DE BIENS &#8211; GESTION DE PATRIMOINE IMMOBILIER<\/a><\/h2>\n<p style=\"padding-left: 30px;\"><strong>Vous \u00eates une personne physique ou morale propri\u00e9taire de biens immobiliers en Principaut\u00e9 de MONACO et souhaitez nous confier la gestion de vos biens ?<\/strong><\/p>\n<h2 style=\"padding-left: 30px;\"><a title=\"Achat\" href=\"http:\/\/www.wentz.mc\/achat\/\">ACHAT<\/a><\/h2>\n<p style=\"padding-left: 30px;\"><strong>Vous souhaitez acqu\u00e9rir un bien immobilier\u00a0en Principaut\u00e9 de MONACO ?<\/strong><\/p>\n<h2 style=\"padding-left: 30px;\"><a title=\"Vente\" href=\"http:\/\/www.wentz.mc\/vente\/\">VENTE<\/a><\/h2>\n<p style=\"padding-left: 30px;\"><strong>Vous souhaitez vendre un bien immobilier en Principaut\u00e9 de MONACO\u00a0?<\/strong><\/p>\n<h2 style=\"padding-left: 30px;\"><a title=\"Location\" href=\"http:\/\/www.wentz.mc\/location\/\">LOCATION<\/a><\/h2>\n<p style=\"padding-left: 30px;\"><strong>Vous recherchez un bien immobilier \u00e0 la location en Principaut\u00e9 de MONACO\u00a0?<\/strong><\/p>\n<h2 style=\"padding-left: 30px;\"><a title=\"Mandataire agr\u00e9\u00e9\" href=\"http:\/\/www.wentz.mc\/mandataire-agree\/\">MANDATAIRE AGR\u00c9\u00c9<\/a><\/h2>\n<p style=\"padding-left: 30px;\"><strong>Vous \u00eates une entit\u00e9 juridique Off-Shore propri\u00e9taire en Principaut\u00e9 de MONACO ?<\/strong><\/p>\n<h2 style=\"padding-left: 30px;\"><a title=\"Conciergerie\" href=\"http:\/\/www.wentz.mc\/conciergerie\/\">CONCIERGERIE<\/a><\/h2>\n<p style=\"padding-left: 30px;\"><strong>Vous \u00eates d\u00e9j\u00e0 client chez J&amp;K WENTZ\u00a0 ?<\/strong><\/p>\n","protected":false},"excerpt":{"rendered":"<p>&nbsp; ADMINISTRATION DE BIENS &#8211; GESTION DE PATRIMOINE IMMOBILIER Vous \u00eates une personne physique ou morale propri\u00e9taire de biens immobiliers en Principaut\u00e9 de MONACO et souhaitez nous confier la gestion de vos biens ? ACHAT Vous souhaitez acqu\u00e9rir un bien immobilier\u00a0en Principaut\u00e9 de MONACO ? VENTE Vous souhaitez vendre un bien immobilier en Principaut\u00e9 de [&hellip;]<\/p>\n","protected":false},"author":2,"featured_media":0,"parent":0,"menu_order":0,"comment_status":"closed","ping_status":"closed","template":"","meta":[],"acf":[],"_links":{"self":[{"href":"http:\/\/www.wentz.mc\/index.php?rest_route=\/wp\/v2\/pages\/194"}],"collection":[{"href":"http:\/\/www.wentz.mc\/index.php?rest_route=\/wp\/v2\/pages"}],"about":[{"href":"http:\/\/www.wentz.mc\/index.php?rest_route=\/wp\/v2\/types\/page"}],"author":[{"embeddable":true,"href":"http:\/\/www.wentz.mc\/index.php?rest_route=\/wp\/v2\/users\/2"}],"replies":[{"embeddable":true,"href":"http:\/\/www.wentz.mc\/index.php?rest_route=%2Fwp%2Fv2%2Fcomments&post=194"}],"version-history":[{"count":22,"href":"http:\/\/www.wentz.mc\/index.php?rest_route=\/wp\/v2\/pages\/194\/revisions"}],"predecessor-version":[{"id":493,"href":"http:\/\/www.wentz.mc\/index.php?rest_route=\/wp\/v2\/pages\/194\/revisions\/493"}],"wp:attachment":[{"href":"http:\/\/www.wentz.mc\/index.php?rest_route=%2Fwp%2Fv2%2Fmedia&parent=194"}],"curies":[{"name":"wp","href":"https:\/\/api.w.org\/{rel}","templated":true}]}}